{"id":3,"date":"2022-08-10T18:12:01","date_gmt":"2022-08-10T18:12:01","guid":{"rendered":"http:\/\/www.ittservice.net\/?page_id=3"},"modified":"2022-08-10T15:27:37","modified_gmt":"2022-08-10T15:27:37","slug":"privacy-policy","status":"publish","type":"page","link":"http:\/\/www.ittservice.net\/index.php\/privacy-policy\/","title":{"rendered":"Hakk\u0131m\u0131zda"},"content":{"rendered":"\n<p>\u00f6netim sistemimizin, kurulu\u015fun b\u00fct\u00fcn fonksiyonlar\u0131nda herkes taraf\u0131ndan ko\u015fulsuz \u015farts\u0131z uygulanmas\u0131n\u0131 sa\u011flamak, g\u00fcncelli\u011fini korumak, s\u00fcrekli olarak uygulamak ve iyile\u015ftirmek,<\/p>\n\n\n\n<p>Yasal \u015fartlar\u0131n, standart \u015fartlar\u0131n\u0131n ve y\u00f6netim sistemimizin gerekliliklerinin yerine getirilmesinde, hedeflerimizin ger\u00e7ekle\u015ftirilmesinde t\u00fcm \u00e7al\u0131\u015fanlara liderlik etmek ve geri bildirimli ekip \u00e7al\u0131\u015fmas\u0131n\u0131 desteklemek,<\/p>\n\n\n\n<p>Kurulu\u015fumuza, kurulu\u015f hedefleri ile ki\u015fisel hedeflerini birle\u015ftirerek daha iyiye ula\u015fma bilincine sahip, s\u00fcrekli iyile\u015fmeye ve geli\u015fmeye de\u011fer veren \u00e7al\u0131\u015fanlar kazand\u0131rmak, \u00c7al\u0131\u015fanlar\u0131n, mesleki ve ki\u015fisel alanda geli\u015fmelerini te\u015fvik etmek,<\/p>\n\n\n\n<p>Test ve \u00f6l\u00e7me performans\u0131m\u0131z\u0131 y\u00fckseltecek olan teknolojik ve bilimsel geli\u015fmeleri, yenilikleri ve de\u011fi\u015fen m\u00fc\u015fteri ihtiya\u00e7lar\u0131n\u0131 takip etmek, rekabet g\u00fcc\u00fcm\u00fcz\u00fc artt\u0131rarak, her zaman tercih edilebilen bir kurulu\u015f olmak,<\/p>\n\n\n\n<p>Hizmet verdi\u011fimiz b\u00fct\u00fcn m\u00fc\u015fterilerimize tarafs\u0131zl\u0131k ve ba\u011f\u0131ms\u0131zl\u0131k ilkemizden \u00f6d\u00fcn vermeksizin e\u015fit davranmak, hizmetlerimiz esnas\u0131nda edinilen m\u00fc\u015fteri bilgilerinin gizlili\u011fini korumak,<\/p>\n\n\n\n<p>Tam zaman\u0131nda hizmet vermek, ko\u015fulsuz m\u00fc\u015fteri memnuniyetini sa\u011flamak,<\/p>\n\n\n\n<p>\u0130\u015flerimizin sa\u011fl\u0131kl\u0131 olarak y\u00fcr\u00fct\u00fclmesi i\u00e7in \u00e7al\u0131\u015fanlar\u0131m\u0131z\u0131n ve faaliyetlerimiz sonucu etkilenebilecek t\u00fcm taraflar\u0131n g\u00fcvenli\u011fini g\u00f6z \u00f6n\u00fcnde bulundurmak,<\/p>\n\n\n\n<p>Politikam\u0131zd\u0131r.<\/p>\n","protected":false},"excerpt":{"rendered":"<p>\u00f6netim sistemimizin, kurulu\u015fun b\u00fct\u00fcn fonksiyonlar\u0131nda herkes taraf\u0131ndan ko\u015fulsuz \u015farts\u0131z uygulanmas\u0131n\u0131 sa\u011flamak, g\u00fcncelli\u011fini korumak, s\u00fcrekli olarak uygulamak ve iyile\u015ftirmek, Yasal \u015fartlar\u0131n, standart \u015fartlar\u0131n\u0131n ve y\u00f6netim sistemimizin gerekliliklerinin yerine getirilmesinde, hedeflerimizin ger\u00e7ekle\u015ftirilmesinde t\u00fcm \u00e7al\u0131\u015fanlara liderlik etmek ve geri bildirimli ekip \u00e7al\u0131\u015fmas\u0131n\u0131 desteklemek, Kurulu\u015fumuza, kurulu\u015f hedefleri ile ki\u015fisel hedeflerini birle\u015ftirerek daha iyiye ula\u015fma bilincine sahip, s\u00fcrekli iyile\u015fmeye ve [&hellip;]<\/p>\n","protected":false},"author":1,"featured_media":0,"parent":0,"menu_order":0,"comment_status":"closed","ping_status":"closed","template":"","meta":{"footnotes":""},"class_list":["post-3","page","type-page","status-publish","hentry"],"_links":{"self":[{"href":"http:\/\/www.ittservice.net\/index.php\/wp-json\/wp\/v2\/pages\/3"}],"collection":[{"href":"http:\/\/www.ittservice.net\/index.php\/wp-json\/wp\/v2\/pages"}],"about":[{"href":"http:\/\/www.ittservice.net\/index.php\/wp-json\/wp\/v2\/types\/page"}],"author":[{"embeddable":true,"href":"http:\/\/www.ittservice.net\/index.php\/wp-json\/wp\/v2\/users\/1"}],"replies":[{"embeddable":true,"href":"http:\/\/www.ittservice.net\/index.php\/wp-json\/wp\/v2\/comments?post=3"}],"version-history":[{"count":1,"href":"http:\/\/www.ittservice.net\/index.php\/wp-json\/wp\/v2\/pages\/3\/revisions"}],"predecessor-version":[{"id":11,"href":"http:\/\/www.ittservice.net\/index.php\/wp-json\/wp\/v2\/pages\/3\/revisions\/11"}],"wp:attachment":[{"href":"http:\/\/www.ittservice.net\/index.php\/wp-json\/wp\/v2\/media?parent=3"}],"curies":[{"name":"wp","href":"https:\/\/api.w.org\/{rel}","templated":true}]}}